4219308 a multiple of 1514?
True
Does 74 divide 129733100?
True
Does 134 divide 2310249539?
False
Is 269 a factor of 23636099?
False
Is 5 a factor of 14130875?
True
Is 4159952403 a multiple of 6261?
True
Is 2274686175 a multiple of 1287?
False
Is 97558318 a multiple of 35?
False
Is 873 a factor of 491822010?
True
Does 12 divide 481336200?
True
Is 537189293 a multiple of 5129?
False
Is 55 a factor of 15276819?
False
Is 9 a factor of 9359440?
False
Is 568 a factor of 31574040?
False
Is 204 a factor of 28251073?
False
Is 17602616 a multiple of 385?
False
Is 299635492 a multiple of 438?
False
Is 111 a factor of 9228429?
True
Is 127 a factor of 731965702?
False
Is 23331300 a multiple of 109?
False
Is 19727761 a multiple of 11?
False
Is 26682284 a multiple of 9?
False
Is 6515082 a multiple of 1783?
True
Is 63 a factor of 185059791?
True
Is 13 a factor of 814967367?
False
Does 1038 divide 111289389?
False
Is 263007297 a multiple of 9?
True
Does 11 divide 1178804?
True
Is 21 a factor of 26125596?
True
Is 72 a factor of 549595269?
False
Is 8 a factor of 24453912?
True
Is 11925798 a multiple of 1869?
False
Is 215 a factor of 30529146?
False
Does 6 divide 23798424?
True
Is 4 a factor of 266347864?
True
Does 99 divide 25705350?
True
Is 2921 a factor of 28003627?
True
Does 62 divide 677517772?
True
Is 275 a factor of 179290100?
True
Does 4363 divide 1056344514?
False
Does 4 divide 281378954?
False
Is 10 a factor of 1028836473?
False
Does 37 divide 28977591?
False
Is 76 a factor of 152266990?
False
Is 861 a factor of 10999275?
True
Is 385993912 a multiple of 74?
False
Is 242244798 a multiple of 683?
False
Is 491471862 a multiple of 53?
True
Is 3763 a factor of 660481850?
False
Is 3340 a factor of 3689681300?
True
Does 128 divide 270864785?
False
Is 6359795 a multiple of 18?
False
Is 40 a factor of 434928446?
False
Is 3207535 a multiple of 415?
True
Is 177308702 even?
True
Is 36085427 a multiple of 17?
False
Is 42 a factor of 604343292?
True
Is 8 a factor of 15027352?
True
Is 3232109580 a multiple of 14?
True
Is 85266178 a multiple of 94?
True
Does 4 divide 18282855?
False
Is 231769209 a multiple of 3?
True
Is 130 a factor of 18913591?
False
Does 36 divide 1458509328?
True
Is 266686666 a multiple of 8?
False
Does 3362 divide 3431113446?
False
Is 342207946 a multiple of 1798?
True
Is 750188176 a multiple of 16?
True
Is 14 a factor of 205368089?
False
Is 2452 a factor of 19235940?
True
Is 171186110 a multiple of 386?
False
Is 25 a factor of 7650325?
True
Does 542 divide 365306916?
True
Is 3148243 even?
False
Does 33 divide 925915683?
True
Is 19084224 a multiple of 96?
True
Is 7 a factor of 60591317?
False
Is 59663894 a multiple of 2083?
False
Does 16 divide 10868976?
True
Does 3161 divide 4577027371?
False
Does 124 divide 2112386872?
True
Does 1378 divide 24712459?
False
Is 55 a factor of 108885205?
True
Does 4 divide 127657802?
False
Does 10 divide 944187160?
True
Does 261 divide 83430322?
False
Is 17170616 even?
True
Is 10439905 a multiple of 35?
True
Is 434070148 a multiple of 4?
True
Is 3402630 a multiple of 491?
True
Is 433664652 a multiple of 10?
False
Does 106 divide 2194049056?
True
Is 16 a factor of 1930036256?
True
Does 9 divide 1137140919?
True
Is 4 a factor of 9311734?
False
Does 43 divide 604828148?
False
Is 433 a factor of 3167413164?
False
Is 180906321 a multiple of 271?
True
Is 252 a factor of 11963256?
False
Is 1398 a factor of 36041838?
True
Is 29 a factor of 390760052?
False
Is 138 a factor of 373634862?
True
Is 274341200 a multiple of 2450?
True
Is 95452008 a multiple of 12?
True
Is 2246 a factor of 28328798?
True
Is 245 a factor of 1319801481?
False
Does 59 divide 6868839?
True
Is 198513275 a multiple of 232?
False
Is 1732 a factor of 118733796?
True
Is 205 a factor of 64579250?
False
Does 22 divide 33865546?
True
Is 45270718 a multiple of 131?
True
Does 11 divide 469579573?
False
Is 38706828 a multiple of 12?
True
Is 3 a factor of 3992531?
False
Does 659 divide 14638668?
False
Is 49037727 a multiple of 57?
True
Is 174803097 a multiple of 7?
True
Does 359 divide 187721853?
False
Is 2 a factor of 6673886?
True
Does 2763 divide 2059715746?
False
Does 42 divide 1158341268?
True
Is 117 a factor of 37407474?
True
Is 501 a factor of 18071571?
True
Is 79419060 a multiple of 14?
True
Is 1629 a factor of 457463925?
True
Does 3 divide 219553524?
True
Is 342 a factor of 54033202?
False
Is 213812559 a multiple of 355?
False
Is 46179624 a multiple of 2424?
True
Is 45711238 a multiple of 16?
False
Is 545908941 a multiple of 453?
True
Is 354 a factor of 73525446?
True
Is 49 a factor of 1655020351?
False
Does 879 divide 245241?
True
Is 36 a factor of 1077594010?
False
Does 64 divide 22199168?
True
Does 21 divide 8358506688?
True
Is 3 a factor of 10317986?
False
Does 349 divide 2345377720?
True
Does 898 divide 19684833?
False
Does 2097 divide 260477623?
False
Is 2097724941 a multiple of 13?
True
Does 2333 divide 198162595?
False
Is 45589225 a multiple of 9?
False
Does 389 divide 27915151?
False
Is 1624 a factor of 22488661?
False
Is 23 a factor of 302763710?
False
Is 686487059 a multiple of 1122?
False
Is 220912848 a multiple of 48?
True
Is 304808075 a multiple of 7475?
True
Does 27 divide 297600156?
True
Does 12 divide 1363522444?
False
Is 211 a factor of 2482087285?
False
Is 186356507 a multiple of 953?
False
Does 263 divide 472348?
True
Is 3592242415 a multiple of 86?
False
Is 1006 a factor of 61781478?
True
Is 19009122 a multiple of 149?
True
Is 444590207 a multiple of 1728?
False
Is 450374781 a multiple of 84?
False
Is 310703295 a multiple of 21?
True
Is 596728 a multiple of 28?
False
Is 269 a factor of 941418?
False
Is 73202082 a multiple of 3?
True
Is 39 a factor of 1097804787?
False
Does 50 divide 23412800?
True
Does 394 divide 1112803356?
True
Is 1228091 a multiple of 125?
False
Is 13 a factor of 3034159?
False
Is 110364618 a multiple of 1543?
True
Is 14 a factor of 140556024?
True
Is 21 a factor of 44154647?
False
Is 15829944 a multiple of 598?
False
Is 12 a factor of 3295291?
False
Is 269469430 a multiple of 4?
False
Does 60 divide 537688200?
True
Is 5868 a factor of 434085300?
True
Is 24 a factor of 254437008?
True
Is 138175729 a multiple of 1559?
True
Is 1341 a factor of 249239384?
False
Does 18 divide 11106036?
True
Is 22427856 a multiple of 144?
True
Does 472 divide 60725122?
False
Is 268330050 a multiple of 18?
True
Does 32 divide 4547666784?
True
Does 88 divide 220642928?
True
Is 27 a factor of 108700172?
False
Is 9 a factor of 22792522?
False
Is 10715056 a multiple of 506?
True
Is 31 a factor of 9402229?
False
Is 21 a factor of 320437435?
False
Does 161 divide 1281329931?
True
Is 159260512 a multiple of 662?
False
Does 107 divide 12276433?
False
Is 1730187052 a multiple of 46?
True
Is 529 a factor of 293584949?
True
Does 67 divide 173871834?
True
Is 20097442 a multiple of 1465?
False
Is 25152027 a multiple of 4?
False
Does 16 divide 90549633?
False
Does 626 divide 1179432828?
True
Is 12 a factor of 11250165?
False
Is 90613620 a multiple of 108?
True
Is 84 a factor of 135525094?
False
Does 602 divide 153385369?
False
Is 53 a factor of 211688943?
True
Is 96877076 even?
True
Is 664576437 a multiple of 142?
False
Does 9 divide 10934433?
True
Is 50 a factor of 601981?
False
Is 26 a factor of 306799112?
False
Is 81 a factor of 3668976?
True
Does 20 divide 36673489?
False
Does 4148 divide 784955076?
True
Is 10236 a factor of 3115531320?
True
Is 63738928 a multiple of 1168?
True
Is 497 a factor of 157282510?
False
Does 13 divide 87932568?
False
Is 144 a factor of 377540496?
True
Does 1023 divide 146963157?
True
Is 30977621 a multiple of 1039?
False
Is 123883574 a multiple of 74?
False
Does 15 divide 507447233?
False
Does 5 divide 2645745?
True
Is 15983777 a multiple of 10?
False
Is 13 a factor of 3065963?
False
Does 165 divide 181335?
True
Is 6636289 a multiple of 27?
False
Is 484 a factor of 73087872?
True
Is 167879500 a multiple of 4?
True
Does 10 divide 381539260?
True
Is 4306 a factor of 1456196383?
False
Is 1488396 a multiple of 91?
True
Is 371 a factor of 39004714?
True
Does 33 divide 60749304?
True
Is 241270260 a multiple of 4620?
True
Does 579 divide 31630048?
False
Is 17 a factor of 32325626?
False
Is 8 a factor of 21947360?
True
Do